 = -2*c. Let l = c + 2. List the prime factors of l.
3
Suppose -4800 - 3555 = -15*o. List the prime factors of o.
557
Suppose 2*a = -3*r + 7*a - 7, 5*a - 10 = 0. Suppose 31 = y + r. Suppose 0 = 16*j - 17*j + y. What are the prime factors of j?
2, 3, 5
Let o = 709 + -1018. Let d = o + 590. What are the prime factors of d?
281
Let j be (-3)/((-5)/5) + 8. Let d(i) = 21*i - 59. List the prime factors of d(j).
2, 43
Let m(q) = 38*q**2 + 24*q + 55. List the prime factors of m(-7).
3, 11, 53
Suppose -2726*u + 53396 = -2712*u. List the prime factors of u.
2, 1907
Suppose 0 = -7*a + 22876 + 7903. List the prime factors of a.
4397
Suppose -66*c - 2*w = -69*c + 9887, -4*c - 3*w + 13177 = 0. List the prime factors of c.
5, 659
Let z be (-258)/(-2)*(-5)/((-60)/(-16)). Let o = -87 - z. List the prime factors of o.
5, 17
Suppose -93*m + 90*m = -30. List the prime factors of m.
2, 5
Let x(t) = t**3 + t - 8. Let z = 2 - 2. Let n be x(z). Let w(j) = -j**2 - 11*j + 2. List the prime factors of w(n).
2, 13
Let u(l) = -l + 17. Let c be u(15). Let y be 4 - (c - 1)*0. Suppose -t + y*j + 52 = 0, 0*j + 224 = 5*t - 2*j. List the prime factors of t.
2, 11
What are the prime factors of ((-10644)/(-60) + -16)*(25 - 0)?
3, 5, 269
What are the prime factors of (7 - 1 - 5) + (0 - -611)?
2, 3, 17
Let a = -67 + 40. Let j = 33 + a. List the prime factors of j.
2, 3
Suppose 0 = 4*i - 4 - 4. Suppose 0*l - 5*l = i*u - 60, -3*u + 13 = 2*l. Suppose 11 = c - l. What are the prime factors of c?
5
Let p be 4/10 - (-635)/(-25). Let f = -14 - p. What are the prime factors of f?
11
Let n be (3 + -2)/2*2. Let v(s) = -8*s**2 - s**2 - 1 + 11*s + n + s**3. List the prime factors of v(8).
2, 3
Let c(h) = 13*h**2 - 6*h - 8. Let l be c(6). Let p be l/10 - (-9)/15. Let b = p + -21. List the prime factors of b.
2, 11
Suppose 5*y = 3*r - 45, 29 = r - 4*y + 14. Suppose 0 = -11*d + r*d + 4*w - 212, 4*w = 4*d - 236. List the prime factors of d.
2, 7
Suppose -56*o + 58*o = -2*t + 2620, 0 = 2*o + t - 2616. What are the prime factors of o?
2, 653
Let a = 68 - 66. Suppose -9 = -2*s + y, -3*s + a = -4*y + 1. What are the prime factors of s?
7
Suppose 2*x - 217 = -37. Suppose x = -b + 3*b. Let u = b + -20. What are the prime factors of u?
5
Let l(f) = -3*f**2 + 12*f + 9. Let j be l(-5). Let v = -76 - j. What are the prime factors of v?
2, 5
Let y be 1/((8/(-4))/(-12)). Suppose y*w - 2*w = 8. Suppose -4*v = f - 17, 4*v - 25 = -w*f - v. What are the prime factors of f?
5
Let c = 46 - 37. Suppose 54 = -c*p + 288. List the prime factors of p.
2, 13
Let v(u) = u**2 + u + 166. List the prime factors of v(0).
2, 83
Suppose -i - 3*z = -411, -i + 418 = -24*z + 20*z. List the prime factors of i.
2, 3, 23
Let c(q) = 6*q + 21. Let n(o) = o + 3. Let j(a) = -2*c(a) + 15*n(a). Let t be j(-1). Suppose t = 2*b - 47 - 33. What are the prime factors of b?
2, 5
Suppose 256 = 3*d + 4*m, 0 = -3*d + 4*d + 3*m - 92. Suppose -2*p + 420 = 2*p + 4*n, p - d = 4*n. What are the prime factors of p?
2, 5
Suppose m + 139 = o - 2*m, -o + 5*m + 131 = 0. Let q = o - 131. List the prime factors of q.
2, 5
Let m(l) = 2*l**3 + 6*l**2 + l + 2. Let d be m(-4). Let x be -51 - 7/(7/3). Let w = d - x. What are the prime factors of w?
2, 5
Let j = 27 + 41. Suppose 3*b - 2*d - 260 = j, -96 = -b + 4*d. What are the prime factors of b?
2, 7
Let o(l) = -4*l - 19. Let u(d) = 3*d + 18. Let q(y) = 2*o(y) + 3*u(y). Let a be q(-14). Suppose a*p - 4*p = -38. What are the prime factors of p?
19
Suppose 1049 = 14*c - 11915. List the prime factors of c.
2, 463
Let t(j) = -4 - j + 3*j**2 + 18 - 10. What are the prime factors of t(4)?
2, 3
Let a = -1440 + 3002. List the prime factors of a.
2, 11, 71
Let j = 280 - 151. List the prime factors of j.
3, 43
Let m be (-2 - -6) + 555 + 1. Suppose -4*c - 94 = -t, 5*t = 2*c - 0*c + m. What are the prime factors of t?
2, 3, 19
Let v(o) = -4*o - 59. Let y be v(-21). List the prime factors of (-81)/(-27) - y*-1.
2, 7
Let c = 56 + -40. What are the prime factors of -65*9/(-12)*c/6?
2, 5, 13
Let n be 2/5 - (-986)/10. List the prime factors of 4/(-8) - n/(-2).
7
List the prime factors of 29142/8 + (-50)/(-40) - 5.
3, 1213
Suppose -23*z = -11*z - 8616. What are the prime factors of z?
2, 359
Let y(s) = -6*s + 6. Suppose -3*j = 15, -4*l - j - 2*j - 27 = 0. Let t be y(l). Let u = 18 + t. What are the prime factors of u?
2, 3, 7
List the prime factors of (-66)/(-3)*(14 + 28).
2, 3, 7, 11
Let f = 0 - 39. Let b = -420 + 501. Let a = b + f. What are the prime factors of a?
2, 3, 7
Let o(p) = 5*p + 12. List the prime factors of o(12).
2, 3
List the prime factors of (34785/(-10))/(-9)*2.
773
List the prime factors of ((-41973)/(-17))/((18/(-15))/(-2)).
5, 823
Let q(x) = 4*x + 1. Let c be q(2). Let k be c/45 - 452/10. Let m = 72 + k. What are the prime factors of m?
3
Suppose 7*k = 2*k - 30. Let p(b) = b**2 + 7*b + 2. Let a(y) = y**2 + 7*y + 2. Let v(f) = 4*a(f) - 5*p(f). List the prime factors of v(k).
2
Suppose -139*z + 138*z + 931 = 0. List the prime factors of z.
7, 19
Let j(u) = -53*u - 16. List the prime factors of j(-19).
991
Suppose 2*t = -3*t, 2*l = -3*t + 4. Suppose l*q - 9 = 7. Let o = -4 + q. What are the prime factors of o?
2
Let m be 5/2*12/15. Suppose -5*q = m*l - 57, 0 = 2*q + 2*q + 20. Let a = l + 25. What are the prime factors of a?
2, 3, 11
Let q = 140 + -73. Suppose 195 = 4*m + q. What are the prime factors of m?
2
Let p be 485/20 + 1/(-4). Suppose -5 = -y - 0. Suppose -p - 66 = -y*f. List the prime factors of f.
2, 3
Let m = -19 + 12. Let k(d) = -5*d + 15. Let g be k(m). Suppose 3*f - 11 = -2*y + g, 2*f - 34 = -3*y. What are the prime factors of f?
23
Suppose 5*z + 1429 = -2*v + 3785, 955 = 2*z + 5*v. List the prime factors of z.
2, 5, 47
Suppose 90 = -4*w - 182. List the prime factors of (-8 - w)*(-1 + (-14)/(-10)).
2, 3
Suppose -l + 14*l = 15509. What are the prime factors of l?
1193
Let n = 1892 - 861. What are the prime factors of n?
1031
Let s be -3*(4 + -2)*-2. Let t be 90/(-27)*(-3)/(-5)*-3. Let w = s - t. List the prime factors of w.
2, 3
Let s = 1343 + -860. What are the prime factors of s?
3, 7, 23
Suppose 4*a = 38 + 170. Let r be 4/(-26) + (-148)/a. List the prime factors of (r/(-6))/(3/318).
53
Let f(c) = -4*c**2 + 15*c - 9. Let l(n) = 11*n**2 - 44*n + 27. Let w(s) = -8*f(s) - 3*l(s). Let u = -69 - -80. What are the prime factors of w(u)?
2
Let o(r) = -r**2 + 14*r + 8. Let j be o(14). Let a = j - 4. Suppose -20 - 40 = -a*z. What are the prime factors of z?
3, 5
Let u(z) = 115 - z**2 - 51 - 52 + 5*z. What are the prime factors of u(5)?
2, 3
Let a(d) = 7*d**2 + d + 41. List the prime factors of a(7).
17, 23
Let l be 1*3/((-9)/(-3)). What are the prime factors of 60 + 0 - (-3 - l)?
2
List the prime factors of 1*-16*(-91)/14.
2, 13
Suppose 4*k + k - 5 = f, 5 = k - f. Suppose k = 7*o - 8*o + 61. List the prime factors of o.
61
Let p be (3/4)/(12/80). Suppose -4*v - 5*d + 479 = 0, 4*d - 31 = p*v - 640. What are the prime factors of v?
11
Let n be (0 - 2 - 1)/(-1). Suppose 0 = t + 5*i - 7 + 15, 5*t - 4 = -n*i. Suppose 0*h + 5*h - 154 = 3*y, -81 = -3*h - t*y. What are the prime factors of h?
29
Let w be 36/(-1 + (-15)/(-6)). Suppose x - 4*q - w = 0, -2*q + 8 = 5*x - 2. Suppose 5*u - 220 = -d + 6*d, x*d = -16. What are the prime factors of u?
2, 5
Suppose -3*w + 6 = -12. Suppose -2*f + 2*d - 194 = -w*f, 0 = 3*f + d - 144. Suppose p + f = 3*i, -2*p = 4*i - 29 - 27. What are the prime factors of i?
3, 5
Let d(j) = -425*j**3 + 2*j**2 - 1. What are the prime factors of d(-1)?
2, 3, 71
Let j(g) = g**3 - 9*g**2 + 10*g - 6. Let t be j(8). Let w(b) = -b**3 + 9*b**2 + 12*b - 17. What are the prime factors of w(t)?
3
Let m(l) = 32*l + 50. Let a(x) = 65*x + 98. Let b(c) = 3*a(c) - 7*m(c). What are the prime factors of b(-9)?
5, 41
Suppose 1156 = k + 2*x, 3*x = -3*k + 2836 + 647. What are the prime factors of k?
2, 11, 53
Let u be 4*(2/(-8) + 1). Suppose 4*v + 3*d = 78, -69 = -5*v + 2*v + u*d. List the prime factors of v.
3, 7
Let r(h) = h**3 - 11*h**2 + 8*h + 16. Let d be r(11). Suppose 6*k - d = -3*l + 2*k, -3*k + 33 = l. What are the prime factors of l?
2, 3
Let z(v) = -v**2 - 19*v - 24. Let n = -27 + 14. List the prime factors of z(n).
2, 3
Suppose -4*d - 16 = -0*d. What are the prime factors of (0 - -1)*(d - (-102)/3)